 -2*g + 2*o + 240, o + y = 4*g - 377. What is the remainder when g is divided by 20?
18
Let q(f) = 2*f**3 - 28*f**2 - 71*f + 517. Calculate the remainder when q(17) is divided by 14.
8
Let x(q) = -q**2 - 41*q + 59. What is the remainder when x(-12) is divided by 394?
13
Let k be -4 - (4 + (2 - (-13)/1)). Let d = k + 58. What is the remainder when d is divided by 12?
11
Let p be 3 - (-3 - -4) - 7 - -12. Suppose 2850 = 22*u - p*u. Calculate the remainder when u is divided by 65.
60
Let b be (6/4)/((-3)/12). Calculate the remainder when (2*(-285)/b - 3) + -1 is divided by 34.
23
Suppose -85 = -0*g - 5*g. Let w(l) = l + 792. What is the remainder when w(-13) is divided by g?
14
Suppose -44 - 127 = -9*f + 81. What is the remainder when 330 is divided by f?
22
Suppose 2 = -s, 5*t - 261 = -0*t + 3*s. Calculate the remainder when t is divided by 108/20*(-30)/(-9).
15
Calculate the remainder when 222 is divided by 1575/18*210/147.
97
Let w = 12466 - 12381. What is the remainder when 448 is divided by w?
23
Suppose -633 = 14*w - 1711. Calculate the remainder when w is divided by 40.
37
Suppose -75*k = -44225 - 72550. What is the remainder when k is divided by 196?
185
Suppose 32 + 193 = 5*j. Let g(z) = -6*z - 68. Let c be g(-8). Calculate the remainder when j is divided by 21 + c/(1 - 5).
19
What is the remainder when 893 is divided by (-597)/(-9) + -37 - 16/(-6)?
29
Let z = -3 + 155. Let j = -90 + z. Calculate the remainder when j is divided by 17.
11
Let j be (-180)/8*32/(-3). Let v = j - 203. What is the remainder when v is divided by 14?
9
Let y = -12625 + 12674. Calculate the remainder when 1663 is divided by y.
46
Let p be ((-24)/(-20))/((-3)/(-35)). Suppose 426 = -p*z + 17*z. Suppose o = 4*t + z, -2*o + 0*o = 5*t - 245. Calculate the remainder when o is divided by 44.
42
Let i = 5190 - 5100. Calculate the remainder when 182 is divided by i.
2
Let l(k) = 27*k**3 + k**2 - 2. Let n be l(3). Let j = -720 + n. Calculate the remainder when 234 is divided by j.
10
Let q be (-5)/3*1*(-60)/25. Suppose -3*s = -2*y + 118, -q*y = -6*y + 2*s + 122. Calculate the remainder when y is divided by 17.
14
Suppose -2*a + 438 = -k + 459, -2*k = -2*a - 32. Suppose 10*u - 294 = 7*u. What is the remainder when u is divided by k?
10
Suppose 33555 - 124879 = 105*u - 184*u. Calculate the remainder when u is divided by 58.
54
Let i(w) = -w**2 + 2*w + 345. Let u(h) = h - 11. Let q be u(11). Let r be i(q). Suppose 7*d = -r + 1969. Calculate the remainder when d is divided by 39.
37
Let u(x) = -67*x - 634. Calculate the remainder when 470 is divided by u(-10).
2
Let k(m) = -m**3 + 5*m**2 - 2*m - 2. Let p be k(4). Suppose -12*t = -p*t - 168. Calculate the remainder when t is divided by (-35)/(-2) - 1/2.
11
Let a(r) = -273*r**2 - 3285*r - 65. What is the remainder when 2/(-1 - -2) + 339 is divided by a(-12)?
40
Suppose -2214 = -2*i - r - 3*r, -r = -3*i + 3307. Suppose i = 4*j + 271. What is the remainder when j is divided by 53?
49
Let q be 246*((-27)/6)/(-9). Suppose 2 = -11*l + q. Calculate the remainder when (20/60)/((-1)/(-81)) is divided by l.
5
Let j(f) = -f + 2. Let x(m) = 43*m**2 - 10*m + 9. Let q(b) = -6*j(b) + x(b). Calculate the remainder when q(-1) is divided by 3.
2
Suppose 80191 = -45*m + 211636. What is the remainder when m is divided by 29?
21
Let g(n) = -5*n**2 - 832*n - 809. What is the remainder when g(-161) is divided by 12?
10
Let t = 65 - 57. Suppose -t*j + 17*j - 540 = 0. Suppose 3*p - 12 = -p, h - p = 18. What is the remainder when j is divided by h?
18
Let c(l) = 77*l + 19. Let x = -1516 + 2859. Calculate the remainder when x is divided by c(1).
95
Let g = -155 - -242. Let z(j) = 0*j - j + 103 + 2*j - g. Calculate the remainder when 162 is divided by z(17).
30
Let o(c) = -c**3 + 92*c**2 + 801*c - 78. What is the remainder when o(100) is divided by 3?
1
Let k(u) = -15*u - 5. Suppose -5*y + 2*n + 4894 = -0*y, 0 = -4*y - 4*n + 3932. Let v = -961 + y. Calculate the remainder when k(-4) is divided by v.
17
Suppose 9*x + 308 = 12*x + 4*g, 0 = 5*g + 5. Suppose -112*l + 129*l = 901. Calculate the remainder when x is divided by l.
51
Let z = 15461 - 15237. Calculate the remainder when 793 is divided by z.
121
Calculate the remainder when 1049 is divided by 7*(24/132)/(2/22).
13
Suppose 488 + 444 = -4*l - 3*j, -2*l - 476 = -j. Let c = l + 261. What is the remainder when c is divided by ((-14)/5)/(2/(-10))?
11
Let n(f) = -312*f**3 - 2. Let p be n(-1). Suppose 0 = 5*m + 5*l - p, 5*m - 6*m = -5*l - 74. Let j = m - 56. What is the remainder when 14 is divided by j?
6
Suppose a = 2 + 161. Let d(u) = 3*u**3 - 7*u**2 + 22*u - 42. What is the remainder when a is divided by d(3)?
37
Suppose 20 = -2*c - 10. Let l = 15 + c. Suppose -2*h + 6*s = s + 21, -h - 3*s + 17 = l. What is the remainder when 6 is divided by h?
0
Suppose 56*i - 7359 = -113*i - 54*i. Suppose 0 = 2*x - 15 - 29. What is the remainder when i is divided by x?
11
Let s(w) = w**3 + 10*w**2 + 12*w + 11. Let k be ((-32)/(-12))/((-3)/9). Let q(g) = -2*g + 59. What is the remainder when s(k) is divided by q(18)?
20
Let m = -216 + 219. Suppose r - 5*x = -4, m*x - x + 49 = 5*r. Let v = 56 + 8. Calculate the remainder when v is divided by r.
9
Suppose -5*t + c - 4 = 0, -t = -2*c - 0 - 1. Suppose -25*d - 206 = -1281. Calculate the remainder when d is divided by (-17 + 3)/(t/1).
1
Suppose 2066 = -52*s - 5*s + 7652. What is the remainder when s is divided by 48?
2
Let n = 7643 + -3220. What is the remainder when n is divided by 631?
6
Let r = -362 + 370. Suppose 11 - 2 = 3*b. Suppose -l + 6 = 2*l, l + 13 = b*t. What is the remainder when r is divided by t?
3
Suppose -13*v - 8*v + 2034 = -3*v. What is the remainder when v is divided by 26?
9
Suppose 19*v - 977 - 129 + 61 = 0. What is the remainder when 151 is divided by v?
41
Let o(a) = -2*a. Let q be (4 - -15*(-2)/6)*0. Suppose q = 4*f - p - 136, 0 = -4*p - 13 - 3. What is the remainder when f is divided by o(-6)?
9
Let p(o) = -5*o + 5. Suppose -7*l + 8*l - 41 = 0. Let s = l + -26. What is the remainder when s is divided by p(-1)?
5
Let n(m) = m**3 - 7*m**2 - 105*m + 359. Calculate the remainder when 950 is divided by n(3).
6
Suppose -784 - 240 = -32*h. Let d(l) = 5*l**2 + 5*l + 7. What is the remainder when d(-6) is divided by h?
29
Let t(j) = 2*j**3 + 33*j**2 - 15*j + 36. Let o be t(-17). Suppose -612 = -0*a - o*a. What is the remainder when a is divided by 44?
42
What is the remainder when ((-138)/(-4))/(6/16) is divided by (-1)/2*(14 - 52)?
16
Let y(u) = u**2 + 41*u - 253. What is the remainder when 93 is divided by y(-48)?
10
Suppose -6*y - 294 + 390 = 0. What is the remainder when 24 is divided by (0 + (-1)/10*-5)*y?
0
Let p(q) = 4*q**2 - 19*q - 7. Suppose 0 = -351*w + 353*w - 12. What is the remainder when p(w) is divided by 6?
5
Let d = -377 - -571. Calculate the remainder when d is divided by ((-270)/(-20))/((-9)/(-12)).
14
Suppose 3*t + 0*y + y = 38, -31 = -2*t + 5*y. Suppose t*b = 681 - 18. Calculate the remainder when b is divided by 21.
9
Let i(b) be the third derivative of -b**5/12 + 17*b**4/8 - 11*b**3/2 - 191*b**2. What is the remainder when (-4)/14 - (-1980)/21 is divided by i(9)?
10
Suppose -23*h - 982 = -1999 - 3376. What is the remainder when 4390 is divided by h?
188
Let v = -610 + 450. Let d = -142 - v. Suppose 20 = -3*a + 278. Calculate the remainder when a is divided by d.
14
Suppose 2502 = 2*p - 5*a, 20*p = 16*p - 4*a + 5004. Calculate the remainder when p is divided by 3.
0
Suppose -5*z = -5*v - 4215, 4*v - 369 + 1221 = z. Calculate the remainder when z is divided by 54.
30
Let q(h) = -201*h + 1820. Calculate the remainder when q(-118) is divided by 20.
18
Let t = 910 - 910. Suppose t = 3*z + 123 - 156. What is the remainder when 19 is divided by z?
8
Suppose -s = -c - 137, -5*s = 4*c - 0*s + 512. Let q = -119 - c. What is the remainder when 23 is divided by q?
9
Suppose -k = -0*k - 2, -3*g + k = -10. Suppose 0 = -g*z - w - 99 + 288, -w + 97 = 2*z. What is the remainder when (-8 + -114)*6/(-4) is divided by z?
45
Suppose -n = 67 - 72. Suppose 3*m - n*u = -m + 823, -4*u = 5*m - 1080. Calculate the remainder when m is divided by 7.
2
Let o be -4 + (-99)/(-45) + 2/(-10). Calculate the remainder when 95 is divided by o/(-8)*86 - 20/40.
11
Let 